{"id":135,"date":"2020-10-31T23:23:09","date_gmt":"2020-10-31T22:23:09","guid":{"rendered":"https:\/\/boutique.meublesleclerc.fr\/?page_id=135"},"modified":"2020-11-03T14:56:55","modified_gmt":"2020-11-03T13:56:55","slug":"mentions-legales","status":"publish","type":"page","link":"https:\/\/boutique.meublesleclerc.fr\/?page_id=135","title":{"rendered":"Mentions L\u00e9gales"},"content":{"rendered":"\n<p><strong>Site r\u00e9alis\u00e9 par<\/strong>&nbsp;:&nbsp;<strong>Gabin Leclerc<\/strong><\/p>\n\n\n\n<p><strong>SARL Meubles LeClerc<\/strong><br>Route de Montpellier<br>34700 LODEVE<\/p>\n\n\n\n<p><strong>T\u00e9l&nbsp;<\/strong>: 04.67.44.05.40<a href=\"http:\/\/www.com1boomerang.com\/\"><br>www.meublesleclerc.fr<\/a><a href=\"http:\/\/www.meublesleclerc.fr\"><br>contact@meublesleclerc.fr<\/a><\/p>\n\n\n\n<p>&#8212;&#8212;&#8212;&#8212;&#8212;&#8212;&#8212;&#8212;&#8212;&#8212;&#8212;&#8212;&#8212;&#8212;&#8212;&#8212;&#8212;&#8212;&#8212;&#8212;&#8212;&#8212;&#8212;&#8212;&#8212;&#8212;&#8212;&#8212;&#8212;&#8212;&#8212;&#8212;&#8212;&#8212;&#8212;&#8212;&#8212;&#8212;&#8211;<\/p>\n\n\n\n<p><strong>Directeur de publication<\/strong><\/p>\n\n\n\n<p>M. Gabin Leclerc<\/p>\n\n\n\n<p>&#8212;&#8212;&#8212;&#8212;&#8212;&#8212;&#8212;&#8212;&#8212;&#8212;&#8212;&#8212;&#8212;&#8212;&#8212;&#8212;&#8212;&#8212;&#8212;&#8212;&#8212;&#8212;&#8212;&#8212;&#8212;&#8212;&#8212;&#8212;&#8212;&#8212;&#8212;&#8212;&#8212;&#8212;&#8212;&#8212;&#8212;&#8212;&#8211;<\/p>\n\n\n\n<p><strong>Propri\u00e9taire du site<\/strong>&nbsp;:<\/p>\n\n\n\n<p><strong>SARL Meubles LeClerc<\/strong><br>Route de Montpellier<br>34700 Lod\u00e8ve<br>France<\/p>\n\n\n\n<p><strong>Capital<\/strong>&nbsp;: 5000 euros<br><strong>Code&nbsp;APE<\/strong>&nbsp;: 4759 A<br><strong>SIREN<\/strong>&nbsp; : 833 996 465 00013<br><strong>TVA<\/strong>&nbsp;: FR22 833 996 465<\/p>\n\n\n\n<p>&#8212;&#8212;&#8212;&#8212;&#8212;&#8212;&#8212;&#8212;&#8212;&#8212;&#8212;&#8212;&#8212;&#8212;&#8212;&#8212;&#8212;&#8212;&#8212;&#8212;&#8212;&#8212;&#8212;&#8212;&#8212;&#8212;&#8212;&#8212;&#8212;&#8212;&#8212;&#8212;&#8212;&#8212;&#8212;&#8212;&#8212;&#8212;&#8211;<\/p>\n\n\n\n<p><strong>Site h\u00e9berg\u00e9 par<\/strong>&nbsp;:<\/p>\n\n\n\n<p><strong>GANDI<\/strong><br><\/p>\n\n\n\n<h3 class=\"wp-block-heading\">COOKIES<\/h3>\n\n\n\n<p>Ce site utilise des cookies qui sont des fichiers stock\u00e9s sur votre ordinateur permettant une facilit\u00e9 d&rsquo;acc\u00e8s aux services propos\u00e9s. En aucun cas, les cookies de ce site ne pourront servir \u00e0 collecter des donn\u00e9es personnelles sans votre accord expr\u00e8s. Ces informations ne seront pas transmises en dehors de Meubles LeClerc nous vous informons que vous pouvez vous opposer \u00e0 l&rsquo;enregistrement de ces cookies en configurant votre ordinateur selon les modalit\u00e9s d\u00e9taill\u00e9es sur le site :&nbsp;<a rel=\"noreferrer noopener\" href=\"http:\/\/www.cnil.fr\/\" target=\"_blank\">www.cnil.fr<\/a><\/p>\n","protected":false},"excerpt":{"rendered":"<p>Site r\u00e9alis\u00e9 par&nbsp;:&nbsp;Gabin Leclerc SARL Meubles LeClercRoute de Montpellier34700 LODEVE T\u00e9l&nbsp;: 04.67.44.05.40www.meublesleclerc.frcontact@meublesleclerc.fr &#8212;&#8212;&#8212;&#8212;&#8212;&#8212;&#8212;&#8212;&#8212;&#8212;&#8212;&#8212;&#8212;&#8212;&#8212;&#8212;&#8212;&#8212;&#8212;&#8212;&#8212;&#8212;&#8212;&#8212;&#8212;&#8212;&#8212;&#8212;&#8212;&#8212;&#8212;&#8212;&#8212;&#8212;&#8212;&#8212;&#8212;&#8212;&#8211; Directeur de publication M. Gabin Leclerc &#8212;&#8212;&#8212;&#8212;&#8212;&#8212;&#8212;&#8212;&#8212;&#8212;&#8212;&#8212;&#8212;&#8212;&#8212;&#8212;&#8212;&#8212;&#8212;&#8212;&#8212;&#8212;&#8212;&#8212;&#8212;&#8212;&#8212;&#8212;&#8212;&#8212;&#8212;&#8212;&#8212;&#8212;&#8212;&#8212;&#8212;&#8212;&#8211;<\/p>\n","protected":false},"author":1,"featured_media":0,"parent":0,"menu_order":0,"comment_status":"closed","ping_status":"closed","template":"","meta":{"footnotes":""},"class_list":["post-135","page","type-page","status-publish","hentry"],"_links":{"self":[{"href":"https:\/\/boutique.meublesleclerc.fr\/index.php?rest_route=\/wp\/v2\/pages\/135","targetHints":{"allow":["GET"]}}],"collection":[{"href":"https:\/\/boutique.meublesleclerc.fr\/index.php?rest_route=\/wp\/v2\/pages"}],"about":[{"href":"https:\/\/boutique.meublesleclerc.fr\/index.php?rest_route=\/wp\/v2\/types\/page"}],"author":[{"embeddable":true,"href":"https:\/\/boutique.meublesleclerc.fr\/index.php?rest_route=\/wp\/v2\/users\/1"}],"replies":[{"embeddable":true,"href":"https:\/\/boutique.meublesleclerc.fr\/index.php?rest_route=%2Fwp%2Fv2%2Fcomments&post=135"}],"version-history":[{"count":5,"href":"https:\/\/boutique.meublesleclerc.fr\/index.php?rest_route=\/wp\/v2\/pages\/135\/revisions"}],"predecessor-version":[{"id":269,"href":"https:\/\/boutique.meublesleclerc.fr\/index.php?rest_route=\/wp\/v2\/pages\/135\/revisions\/269"}],"wp:attachment":[{"href":"https:\/\/boutique.meublesleclerc.fr\/index.php?rest_route=%2Fwp%2Fv2%2Fmedia&parent=135"}],"curies":[{"name":"wp","href":"https:\/\/api.w.org\/{rel}","templated":true}]}}